 digit of 19044969?
6
What is the hundreds digit of 94131?
1
What is the hundreds digit of 219167?
1
What is the units digit of 158650?
0
What is the ten thousands digit of 1949771?
4
What is the tens digit of 499549?
4
What is the units digit of 1309179?
9
What is the tens digit of 351925?
2
What is the units digit of 76310?
0
What is the millions digit of 9936447?
9
What is the millions digit of 5979471?
5
What is the units digit of 5040936?
6
What is the thousands digit of 1654623?
4
What is the units digit of 149824?
4
What is the units digit of 2236699?
9
What is the units digit of 786352?
2
What is the ten thousands digit of 160754?
6
What is the tens digit of 1145222?
2
What is the units digit of 39680?
0
What is the tens digit of 1267728?
2
What is the hundred thousands digit of 136279?
1
What is the thousands digit of 699093?
9
What is the hundred thousands digit of 525444?
5
What is the hundreds digit of 3007260?
2
What is the tens digit of 21953?
5
What is the tens digit of 220771?
7
What is the tens digit of 256262?
6
What is the tens digit of 4134469?
6
What is the hundreds digit of 12151072?
0
What is the tens digit of 3227509?
0
What is the tens digit of 636002?
0
What is the ten thousands digit of 5595676?
9
What is the units digit of 747312?
2
What is the hundred thousands digit of 134563?
1
What is the thousands digit of 7061013?
1
What is the ten thousands digit of 6880343?
8
What is the millions digit of 9642356?
9
What is the millions digit of 1419298?
1
What is the hundreds digit of 5043826?
8
What is the hundred thousands digit of 4037823?
0
What is the units digit of 22224173?
3
What is the hundred thousands digit of 705485?
7
What is the millions digit of 3731129?
3
What is the hundred thousands digit of 882921?
8
What is the hundreds digit of 790633?
6
What is the units digit of 9999143?
3
What is the units digit of 1906730?
0
What is the units digit of 29631109?
9
What is the thousands digit of 722605?
2
What is the units digit of 291633?
3
What is the millions digit of 34221905?
4
What is the ten thousands digit of 395275?
9
What is the tens digit of 371801?
0
What is the units digit of 33146463?
3
What is the hundreds digit of 507961?
9
What is the hundreds digit of 27720?
7
What is the units digit of 98846?
6
What is the tens digit of 409506?
0
What is the ten thousands digit of 930328?
3
What is the units digit of 661915?
5
What is the ten thousands digit of 31787503?
8
What is the units digit of 6465739?
9
What is the tens digit of 545289?
8
What is the units digit of 65103?
3
What is the units digit of 1134217?
7
What is the millions digit of 1902034?
1
What is the thousands digit of 6218036?
8
What is the tens digit of 14906525?
2
What is the hundreds digit of 8968556?
5
What is the ten thousands digit of 4266586?
6
What is the units digit of 1641480?
0
What is the thousands digit of 197116?
7
What is the units digit of 10574650?
0
What is the hundred thousands digit of 193324?
1
What is the millions digit of 16404001?
6
What is the hundreds digit of 247305?
3
What is the hundreds digit of 23598901?
9
What is the ten thousands digit of 3430024?
3
What is the hundred thousands digit of 2999592?
9
What is the thousands digit of 1191156?
1
What is the thousands digit of 119708?
9
What is the units digit of 4590907?
7
What is the units digit of 334995?
5
What is the thousands digit of 746653?
6
What is the units digit of 733585?
5
What is the hundreds digit of 2343532?
5
What is the hundred thousands digit of 180661?
1
What is the millions digit of 2784803?
2
What is the hundred thousands digit of 234025?
2
What is the units digit of 1381773?
3
What is the units digit of 1039123?
3
What is the hundreds digit of 369198?
1
What is the units digit of 1327407?
7
What is the units digit of 9993716?
6
What is the thousands digit of 120882?
0
What is the millions digit of 14646513?
4
What is the units digit of 49438?
8
What is the thousands digit of 3417801?
7
What is the units digit of 348473?
3
What is the thousands digit of 687537?
7
What is the hundreds digit of 337862?
8
What is the hundreds digit of 3202848?
8
What is the hundred thousands digit of 379473?
3
What is the ten thousands digit of 279037?
7
What is the units digit of 191522?
2
What is the ten thousands digit of 816272?
1
What is the tens digit of 4822086?
8
What is the units digit of 87671?
1
What is the ten millions digit of 11953948?
1
What is the ten thousands digit of 605644?
0
What is the tens digit of 192672?
7
What is the hundred thousands digit of 124977?
1
What is the millions digit of 6822650?
6
What is the hundred thousands digit of 265817?
2
What is the thousands digit of 993811?
3
What is the units digit of 13321670?
0
What is the tens digit of 21516328?
2
What is the ten thousands digit of 6086014?
8
What is the tens digit of 6233787?
8
What is the thousands digit of 21661979?
1
What is the tens digit of 15313940?
4
What is the hundreds digit of 231403?
4
What is the hundreds digit of 784063?
0
What is the hundreds digit of 8078160?
1
What is the units digit of 609640?
0
What is the hundreds digit of 674215?
2
What is the ten thousands digit of 432669?
3
What is the units digit of 1171376?
6
What is the hundred thousands digit of 16063236?
0
What is the ten thousands digit of 9258056?
5
What is the hundred thousands digit of 426057?
4
What is the tens digit of 10337466?
6
What is the millions digit of 19321453?
9
What is the thousands digit of 2475260?
5
What is the hundred thousands digit of 4183842?
1
What is the tens digit of 98421?
2
What is the hundred thousands digit of 7174144?
1
What is the ten thousands digit of 18045511?
4
What is the units digit of 2045446?
6
What is the tens digit of 22720412?
1
What is the tens digit of 2362761?
6
What is the hundred thousands digit of 2958354?
9
What is the thousands digit of 277804?
7
What is the tens digit of 797359?
5
What is the tens digit of 558126?
2
What is the ten thousands digit of 2543455?
4
What is the tens digit of 26596982?
8
What is the units digit of 174155?
5
What is the units digit of 2064720?
0
What is the tens digit of 40871?
7
What is the hundred thousands digit of 10362552?
3
What is the units digit of 205014?
4
What is the ten thousands digit of 106477?
0
What is the units digit of 28153?
3
What is the ten thousands digit of 547076?
4
What is the tens digit of 202402?
0
What is the ten thousands digit of 815105?
1
What is the tens digit of 66545?
4
What is the hundreds digit of 1865557?
5
What is the hundreds digit of 131484?
4
What is the thousands digit of 253292?
3
What is the thousands digit of 461876?
1
What is the tens digit of 673283?
8
What is the tens digit of 2607924?
2
What is the hundreds digit of 164785?
7
What is the tens digit of 199755?
5
What is the hundred thousands digit of 486490?
4
What is the hundred thousands digit of 651525?
6
What is the tens digit of 2108398?
9
What is the ten thousands digit of 390053?
9
What is the hundred thousands digit of 7104732?
1
What is the tens digit of 7017356?
5
What is the thousands digit of 115719?
5
What is the thousands digit of 1945911?
5
What is the tens digit of 209431?
3
What is the ten thousands digit of 177566?
7
What is the units digit of 2382?
2
What is the hundreds digit of 60848?
8
What is the thousands digit of 56013?
6
What is the ten thousands digit of 389147?
8
What is the tens digit of 1069136?
3
What is the units digit of 4455531?
1
What is the hundreds digit of 3381326?
3
What is the thousands digit of 1049159?
9
What is the hundreds digit of 192170?
1
What is the units digit of 44600?
0
What is the tens digit of 58129?
2
What is the hundred thousands digit of 18318147?
3
What is the units digit of 8345020?
0
What is the hundred thousands digit of 514434?
5
What is the thousands digit of 444254?
4
What is the thousands digit of 34157?
4
What is the tens digit of 9611943?
4
What is the hundred thousands digit of 1072918?
0
What is the hundred thousands digit of 11334607?
3
What is the ten thousands digit of 337049?
3
What is the tens digit of 430240?
4
What is the tens digit of 4423458?
5
What is the hundred thousands digit of 1790455?
7
What is the hundred thousands digit of 5360691?
3
What 